{"id":6485,"date":"2024-03-04T12:58:47","date_gmt":"2024-03-04T11:58:47","guid":{"rendered":"https:\/\/aebarcelona.eu\/?post_type=tribe_events&#038;p=6485"},"modified":"2024-03-20T15:38:38","modified_gmt":"2024-03-20T14:38:38","slug":"iv-agora-diversidad-afectiva-sexual-y-de-genero-naturaleza-y-cultura","status":"publish","type":"tribe_events","link":"https:\/\/aebarcelona.eu\/en\/event\/iv-agora-diversidad-afectiva-sexual-y-de-genero-naturaleza-y-cultura\/","title":{"rendered":"IV \u00c0GORA: Diversidad afectiva, sexual y de g\u00e9nero: naturaleza y cultura"},"content":{"rendered":"<p>[et_pb_section fb_built=&#8221;1&#8243; admin_label=&#8221;section&#8221; _builder_version=&#8221;4.16&#8243; global_colors_info=&#8221;{}&#8221;][et_pb_row admin_label=&#8221;row&#8221; _builder_version=&#8221;4.16&#8243; background_size=&#8221;initial&#8221; background_position=&#8221;top_left&#8221; background_repeat=&#8221;repeat&#8221; global_colors_info=&#8221;{}&#8221;][et_pb_column type=&#8221;4_4&#8243; _builder_version=&#8221;4.16&#8243; custom_padding=&#8221;|||&#8221; global_colors_info=&#8221;{}&#8221; custom_padding__hover=&#8221;|||&#8221;][et_pb_text admin_label=&#8221;Text&#8221; _builder_version=&#8221;4.21.0&#8243; background_size=&#8221;initial&#8221; background_position=&#8221;top_left&#8221; background_repeat=&#8221;repeat&#8221; hover_enabled=&#8221;0&#8243; global_colors_info=&#8221;{}&#8221; sticky_enabled=&#8221;0&#8243;]<\/p>\n<p>La diversidad afectiva, sexual y de g\u00e9nero se refiere a la amplia variedad de realidades afectivo-sexuales, identidades de g\u00e9nero y expresiones emocionales que existen. Este t\u00e9rmino abarca la idea de que las experiencias del amor, la atracci\u00f3n y la identidad de g\u00e9nero son diversas, y no se limitan a una \u00fanica forma de sentir o vivir. Reconoce la existencia y legitimidad de identidades y orientaciones diferentes a las tradicionalmente consideradas como normativas en una sociedad, promoviendo la aceptaci\u00f3n, el respeto y la igualdad de derechos para todas las personas, independientemente de su orientaci\u00f3n afectivo-sexual o identidad de g\u00e9nero. \u00bfHasta qu\u00e9 punto responde a bases biol\u00f3gicas y gen\u00e9ticas o su base es totalmente psicol\u00f3gica y social?<\/p>\n<p>Ponents convidats:<\/p>\n<p>Esa D\u00edaz-Le\u00f3n, professora agregada, UB, Barcelona<\/p>\n<p>Gracia Trujillo, professora de sociologia, UCM, Madrid<\/p>\n<p>Moderador: Simon Perera, Secretari general de PRISMA, Barcelona<\/p>\n<p>&nbsp;<\/p>\n<p>[\/et_pb_text][\/et_pb_column][\/et_pb_row][\/et_pb_section]<\/p>\n","protected":false},"excerpt":{"rendered":"<p>La diversidad afectiva, sexual y de g\u00e9nero se refiere a la amplia variedad de realidades afectivo-sexuales, identidades de g\u00e9nero y expresiones emocionales que existen. Este t\u00e9rmino abarca la idea de [&hellip;]<\/p>\n","protected":false},"author":7,"featured_media":0,"template":"","meta":{"_et_pb_use_builder":"on","_et_pb_old_content":"La diversidad afectiva, sexual y de g\u00e9nero se refiere a la amplia variedad de realidades afectivo-sexuales, identidades de g\u00e9nero y expresiones emocionales que existen. Este t\u00e9rmino abarca la idea de que las experiencias del amor, la atracci\u00f3n y la identidad de g\u00e9nero son diversas, y no se limitan a una \u00fanica forma de sentir o vivir. Reconoce la existencia y legitimidad de identidades y orientaciones diferentes a las tradicionalmente consideradas como normativas en una sociedad, promoviendo la aceptaci\u00f3n, el respeto y la igualdad de derechos para todas las personas, independientemente de su orientaci\u00f3n afectivo-sexual o identidad de g\u00e9nero. \u00bfHasta qu\u00e9 punto responde a bases biol\u00f3gicas y gen\u00e9ticas o su base es totalmente psicol\u00f3gica y social?\r\n\r\nPonents convidats:\r\n\r\nEsa D\u00edaz-Le\u00f3n, professora agregada, UB, Barcelona\r\n\r\nGracia Trujillo, professora de sociologia, UCM, Madrid\r\n\r\nModerador: Simon Perera, Secretari general de PRISMA, Barcelona\r\n\r\n\u00a0","_et_gb_content_width":"","om_disable_all_campaigns":false,"_uf_show_specific_survey":0,"_uf_disable_surveys":false,"_tribe_events_status":"","_tribe_events_status_reason":"","footnotes":""},"tags":[],"tribe_events_cat":[],"class_list":["post-6485","tribe_events","type-tribe_events","status-publish","hentry"],"aioseo_notices":[],"_links":{"self":[{"href":"https:\/\/aebarcelona.eu\/en\/wp-json\/wp\/v2\/tribe_events\/6485","targetHints":{"allow":["GET"]}}],"collection":[{"href":"https:\/\/aebarcelona.eu\/en\/wp-json\/wp\/v2\/tribe_events"}],"about":[{"href":"https:\/\/aebarcelona.eu\/en\/wp-json\/wp\/v2\/types\/tribe_events"}],"author":[{"embeddable":true,"href":"https:\/\/aebarcelona.eu\/en\/wp-json\/wp\/v2\/users\/7"}],"version-history":[{"count":3,"href":"https:\/\/aebarcelona.eu\/en\/wp-json\/wp\/v2\/tribe_events\/6485\/revisions"}],"predecessor-version":[{"id":6552,"href":"https:\/\/aebarcelona.eu\/en\/wp-json\/wp\/v2\/tribe_events\/6485\/revisions\/6552"}],"wp:attachment":[{"href":"https:\/\/aebarcelona.eu\/en\/wp-json\/wp\/v2\/media?parent=6485"}],"wp:term":[{"taxonomy":"post_tag","embeddable":true,"href":"https:\/\/aebarcelona.eu\/en\/wp-json\/wp\/v2\/tags?post=6485"},{"taxonomy":"tribe_events_cat","embeddable":true,"href":"https:\/\/aebarcelona.eu\/en\/wp-json\/wp\/v2\/tribe_events_cat?post=6485"}],"curies":[{"name":"wp","href":"https:\/\/api.w.org\/{rel}","templated":true}]}}

IV ÀGORA: Diversidad afectiva, sexual y de género: naturaleza y cultura

<p>[et_pb_section fb_built=&#8221;1&#8243; admin_label=&#8221;section&#8221; _builder_version=&#8221;4.16&#8243; global_colors_info=&#8221;{}&#8221;][et_pb_row admin_label=&#8221;row&#8221; _builder_version=&#8221;4.16&#8243; background_size=&#8221;initial&#8221; background_position=&#8221;top_left&#8221; background_repeat=&#8221;repeat&#8221; global_colors_info=&#8221;{}&#8221;][et_pb_column type=&#8221;4_4&#8243; _builder_version=&#8221;4.16&#8243; custom_padding=&#8221;|||&#8221; global_colors_info=&#8221;{}&#8221; custom_padding__hover=&#8221;|||&#8221;][et_pb_text admin_label=&#8221;Text&#8221; _builder_version=&#8221;4.21.0&#8243; background_size=&#8221;initial&#8221; background_position=&#8221;top_left&#8221; background_repeat=&#8221;repeat&#8221; hover_enabled=&#8221;0&#8243; global_colors_info=&#8221;{}&#8221; sticky_enabled=&#8221;0&#8243;]</p>
<p>La diversidad afectiva, sexual y de género se refiere a la amplia variedad de realidades afectivo-sexuales, identidades de género y expresiones emocionales que existen. Este término abarca la idea de que las experiencias del amor, la atracción y la identidad de género son diversas, y no se limitan a una única forma de sentir o vivir. Reconoce la existencia y legitimidad de identidades y orientaciones diferentes a las tradicionalmente consideradas como normativas en una sociedad, promoviendo la aceptación, el respeto y la igualdad de derechos para todas las personas, independientemente de su orientación afectivo-sexual o identidad de género. ¿Hasta qué punto responde a bases biológicas y genéticas o su base es totalmente psicológica y social?</p>
<p>Ponents convidats:</p>
<p>Esa Díaz-León, professora agregada, UB, Barcelona</p>
<p>Gracia Trujillo, professora de sociologia, UCM, Madrid</p>
<p>Moderador: Simon Perera, Secretari general de PRISMA, Barcelona</p>
<p>&nbsp;</p>
<p>[/et_pb_text][/et_pb_column][/et_pb_row][/et_pb_section]</p>

<p>La diversidad afectiva, sexual y de género se refiere a la amplia variedad de realidades afectivo-sexuales, identidades de género y expresiones emocionales que existen. Este término abarca la idea de [&hellip;]</p>

La diversidad afectiva, sexual y de género se refiere a la amplia variedad de realidades afectivo-sexuales, identidades de género y expresiones emocionales que existen. Este término abarca la idea de que las experiencias del amor, la atracción y la identidad de género son diversas, y no se limitan a una única forma de sentir o vivir. Reconoce la existencia y legitimidad de identidades y orientaciones diferentes a las tradicionalmente consideradas como normativas en una sociedad, promoviendo la aceptación, el respeto y la igualdad de derechos para todas las personas, independientemente de su orientación afectivo-sexual o identidad de género. ¿Hasta qué punto responde a bases biológicas y genéticas o su base es totalmente psicológica y social?

Ponents convidats:

Esa Díaz-León, professora agregada, UB, Barcelona

Gracia Trujillo, professora de sociologia, UCM, Madrid

Moderador: Simon Perera, Secretari general de PRISMA, Barcelona
