{"id":5787,"date":"2023-11-06T16:36:24","date_gmt":"2023-11-06T15:36:24","guid":{"rendered":"https:\/\/aebarcelona.eu\/?post_type=tribe_events&#038;p=5787"},"modified":"2023-11-06T16:48:49","modified_gmt":"2023-11-06T15:48:49","slug":"i-agora-dialeg-cientific","status":"publish","type":"tribe_events","link":"https:\/\/aebarcelona.eu\/ca\/event\/i-agora-dialeg-cientific\/","title":{"rendered":"I \u00c0gora Di\u00e0leg Cient\u00edfic"},"content":{"rendered":"<p>Podrem aturar l&#8217;envelliment i la mort?<\/p>\n<p>Primer di\u00e0leg cient\u00edfic per la ciutadania<\/p>\n<p>In case you cannot attend,\u00a0 you can see the event in <a href=\"https:\/\/us06web.zoom.us\/j\/88359221868?pwd=wG2DcRz5aGEPJMDTETHwAQ8_X5J_Lg.3jwPyC-JqdYb7a7u\">streaming<\/a><\/p>\n<p>ID de seminario web: 883 5922 1868<br \/>\nC\u00f3digo de acceso: 200070<\/p>\n","protected":false},"excerpt":{"rendered":"<p>Podrem aturar l&#8217;envelliment i la mort?<br \/>\nPrimer di\u00e0leg cient\u00edfic per la ciutadania<\/p>\n","protected":false},"author":7,"featured_media":5789,"template":"","meta":{"_et_pb_use_builder":"","_et_pb_old_content":"","_et_gb_content_width":"","om_disable_all_campaigns":false,"_uf_show_specific_survey":0,"_uf_disable_surveys":false,"_tribe_events_status":"","_tribe_events_status_reason":"","footnotes":""},"tags":[],"tribe_events_cat":[],"class_list":["post-5787","tribe_events","type-tribe_events","status-publish","has-post-thumbnail","hentry"],"aioseo_notices":[],"_links":{"self":[{"href":"https:\/\/aebarcelona.eu\/ca\/wp-json\/wp\/v2\/tribe_events\/5787","targetHints":{"allow":["GET"]}}],"collection":[{"href":"https:\/\/aebarcelona.eu\/ca\/wp-json\/wp\/v2\/tribe_events"}],"about":[{"href":"https:\/\/aebarcelona.eu\/ca\/wp-json\/wp\/v2\/types\/tribe_events"}],"author":[{"embeddable":true,"href":"https:\/\/aebarcelona.eu\/ca\/wp-json\/wp\/v2\/users\/7"}],"version-history":[{"count":3,"href":"https:\/\/aebarcelona.eu\/ca\/wp-json\/wp\/v2\/tribe_events\/5787\/revisions"}],"predecessor-version":[{"id":5794,"href":"https:\/\/aebarcelona.eu\/ca\/wp-json\/wp\/v2\/tribe_events\/5787\/revisions\/5794"}],"wp:featuredmedia":[{"embeddable":true,"href":"https:\/\/aebarcelona.eu\/ca\/wp-json\/wp\/v2\/media\/5789"}],"wp:attachment":[{"href":"https:\/\/aebarcelona.eu\/ca\/wp-json\/wp\/v2\/media?parent=5787"}],"wp:term":[{"taxonomy":"post_tag","embeddable":true,"href":"https:\/\/aebarcelona.eu\/ca\/wp-json\/wp\/v2\/tags?post=5787"},{"taxonomy":"tribe_events_cat","embeddable":true,"href":"https:\/\/aebarcelona.eu\/ca\/wp-json\/wp\/v2\/tribe_events_cat?post=5787"}],"curies":[{"name":"wp","href":"https:\/\/api.w.org\/{rel}","templated":true}]}}

I Àgora Diàleg Científic

<p>Podrem aturar l&#8217;envelliment i la mort?</p>
<p>Primer diàleg científic per la ciutadania</p>
<p>In case you cannot attend,  you can see the event in <a href="https://us06web.zoom.us/j/88359221868?pwd=wG2DcRz5aGEPJMDTETHwAQ8_X5J_Lg.3jwPyC-JqdYb7a7u">streaming</a></p>
<p>ID de seminario web: 883 5922 1868<br />
Código de acceso: 200070</p>

<p>Podrem aturar l&#8217;envelliment i la mort?<br />
Primer diàleg científic per la ciutadania</p>
