{"id":9544,"date":"2026-04-16T12:22:39","date_gmt":"2026-04-16T11:22:39","guid":{"rendered":"https:\/\/aebarcelona.eu\/?page_id=9544"},"modified":"2026-04-16T16:01:08","modified_gmt":"2026-04-16T15:01:08","slug":"__trashed","status":"publish","type":"page","link":"https:\/\/aebarcelona.eu\/ca\/barcelona-hypatia-european-science-prize\/cinquena-edicio-2024","title":{"rendered":"Cinquena Edici\u00f3 (2024)"},"content":{"rendered":"<p>[et_pb_section fb_built=&#8221;1&#8243; admin_label=&#8221;Services&#8221; _builder_version=&#8221;4.21.0&#8243; custom_padding=&#8221;90px||45px|||&#8221; locked=&#8221;off&#8221; global_colors_info=&#8221;{}&#8221;][et_pb_row _builder_version=&#8221;4.16&#8243; background_size=&#8221;initial&#8221; background_position=&#8221;top_left&#8221; background_repeat=&#8221;repeat&#8221; custom_width_px=&#8221;710px&#8221; global_colors_info=&#8221;{}&#8221;][et_pb_column type=&#8221;4_4&#8243; _builder_version=&#8221;4.16&#8243; background_position=&#8221;top_left&#8221; custom_padding=&#8221;|||&#8221; global_colors_info=&#8221;{}&#8221; custom_padding__hover=&#8221;|||&#8221;][et_pb_text _builder_version=&#8221;4.27.4&#8243; _dynamic_attributes=&#8221;link_option_url&#8221; _module_preset=&#8221;default&#8221; header_text_align=&#8221;center&#8221; header_text_color=&#8221;#000000&#8243; header_2_font_size=&#8221;47px&#8221; background_color=&#8221;#FFFFFF&#8221; width=&#8221;100%&#8221; max_width=&#8221;86%&#8221; link_option_url=&#8221;@ET-DC@eyJkeW5hbWljIjp0cnVlLCJjb250ZW50IjoicG9zdF9saW5rX3VybF9wYWdlIiwic2V0dGluZ3MiOnsicG9zdF9pZCI6IjczNzQifX0=@&#8221; link_option_url_new_window=&#8221;on&#8221; hover_enabled=&#8221;0&#8243; global_colors_info=&#8221;{}&#8221; sticky_enabled=&#8221;0&#8243; header_2_text_color=&#8221;#000000&#8243; header_2_text_align=&#8221;center&#8221;]<\/p>\n<h2 class=\"art-postheader entry-title\" style=\"text-align: center;\"><strong>Cinquena Edici\u00f3 (2024)<\/strong><\/h2>\n<p>[\/et_pb_text][et_pb_image src=&#8221;https:\/\/aebarcelona.eu\/wp-content\/uploads\/2025\/04\/Svanteesculturacentral.jpg&#8221; title_text=&#8221;Svanteesculturacentral&#8221; _builder_version=&#8221;4.27.4&#8243; _module_preset=&#8221;default&#8221; width=&#8221;35%&#8221; max_width=&#8221;34%&#8221; module_alignment=&#8221;center&#8221; hover_enabled=&#8221;0&#8243; global_colors_info=&#8221;{}&#8221; sticky_enabled=&#8221;0&#8243;][\/et_pb_image][et_pb_text _builder_version=&#8221;4.27.4&#8243; _module_preset=&#8221;default&#8221; hover_enabled=&#8221;0&#8243; global_colors_info=&#8221;{}&#8221; sticky_enabled=&#8221;0&#8243;]<\/p>\n<div class=\"traductor-textarea form-group\">\n<div class=\"textarea-desti col-xs-12 col-sm-6\">\n<div class=\"form-control second-textarea\">\n<p>El dilluns 7 d&#8217;abril, <strong>Svante P\u00e4\u00e4bo<\/strong> va rebre el V Premi Hip\u00e0tia per la seva contribuci\u00f3 a la investigaci\u00f3 gen\u00e8tica sobre grups humans extints.<\/p>\n<p>El tinent d&#8217;alcalde d&#8217;Economia, Hisenda, Promoci\u00f3 Econ\u00f2mica i Turisme, Jordi Valls, ha destacat en l&#8217;acte de lliurament del Premi Europeu de la Ci\u00e8ncia Hip\u00e0tia que Barcelona &#8220;amplia la m\u00e0 a tots aquells cient\u00edfics que es troben actualment amena\u00e7ats&#8221;.<\/p>\n<p>El premi ha reconegut la contribuci\u00f3 innovadora de Pbobo a la comprensi\u00f3 de la gen\u00e8tica humana.<\/p>\n<p>El bi\u00f2leg i genetista suec, Premi Nobel de Medicina el 2022, va recon\u00e8ixer que \u00e9s un honor per a ell rebre el premi en una ciutat com Barcelona \u201cun referent de les ci\u00e8ncies biol\u00f2giques\u201d a Europa.<\/p>\n<p>En un acte institucional al Sal\u00f3 de Cent, el quart tinent d&#8217;alcalde, Jordi Valls, va ser l&#8217;encarregat de lliurar el guard\u00f3 que pret\u00e9n recon\u00e8ixer la recerca de P\u00e4\u00c4bo en la seq\u00fcenciaci\u00f3 de genomes d&#8217;esp\u00e8cies i poblacions extintes. Les contribucions a la paleogen\u00f2mica de Svante han revelat les connexions gen\u00e8tiques entre els humans i els hom\u00ednids extints, que han representat un abans i un despr\u00e9s en la comprensi\u00f3 de l&#8217;evoluci\u00f3 humana.<\/p>\n<p>Valls ha destacat durant la benvinguda que aquest guard\u00f3 reconeix &#8220;el valor i el talent&#8221; de P\u00e4\u00e4bo aix\u00ed com la &#8220;profunda connexi\u00f3&#8221; que t\u00e9 l&#8217;investigador amb Barcelona on &#8220;les col\u00b7laboracions que ha realitzat amb l&#8217;Institut de Biologia Evolutiva han deixat una gran empremta&#8221;.<\/p>\n<p>El tinent d&#8217;alcalde ha destacat que en l&#8217;actualitat &#8220;necessitem la ci\u00e8ncia m\u00e9s que mai i necessitem protegir la ci\u00e8ncia m\u00e9s que mai&#8221;, en un context geopol\u00edtic com l&#8217;actual, on dos mil cient\u00edfics d&#8217;alt nivell han alertat del &#8220;perill real&#8221; que representa per a la ci\u00e8ncia l&#8217;administraci\u00f3 Trump. Per aquest motiu, Valls ha assegurat, \u201cdavant les retallades salvatges i la censura, Barcelona est\u00e9n la m\u00e0 a tots aquells cient\u00edfics que estan amena\u00e7ats avui dia\u201d.<\/p>\n<p>Per la seva banda, P\u00e4\u00e4bo va qualificar &#8220;d&#8217;honor&#8221; rebre un premi d&#8217;aquestes caracter\u00edstiques en una ciutat com Barcelona que s&#8217;ha convertit en un &#8220;benchmark for biological sciences&#8221; a Europa. Durant l&#8217;acte, P\u00e4\u00e4bo va fer una presentaci\u00f3 amb l&#8217;ess\u00e8ncia del seu treball en la seq\u00fcenciaci\u00f3 del genoma neodental aix\u00ed com per explicar com &#8220;aquestes formes extintes d&#8217;\u00e9ssers humans ens influeixen avui dia&#8221;.<\/p>\n<p>A l&#8217;acte tamb\u00e9 van assistir Don Dingwell, president en funcions de l&#8217;Acad\u00e8mia Europaea, i Jaume Bertranpetit, director del Barcelona Knowledge Hub de l&#8217;Acad\u00e8mia Europaea. L&#8217;encarregat de fer la glossa de P\u00e4\u00e4bo ha estat el director del Museu de Ci\u00e8ncies Naturals, Carles Lalueza, reconegut expert en paleogen\u00f2mica que va col\u00b7laborar amb el guanyador en el projecte del Genoma Neandertal.<\/p>\n<p>Per veure la sessi\u00f3: cliqueu <a href=\"https:\/\/youtube.com\/live\/3D7Iq0tN85s?feature=share\">aqui<\/a><\/p>\n<p><span>Per llegir l\u2019entrevista per l\u2019AE clicar\u00a0<\/span><a href=\"https:\/\/aecardiffknowledgehub.wales\/2025\/04\/01\/exploring-ancient-genomes-an-interview-with-hypatia-prize-winner-svante-paabo\/\">aqu\u00ed<\/a><\/p>\n<p>&nbsp;<\/p>\n<\/div>\n<div class=\"form-control second-textarea\"><\/div>\n<div class=\"form-control second-textarea\"><\/div>\n<\/div>\n<\/div>\n<div class=\"traductor-checkbox form-group\">\n<div id=\"message_info\" class=\"panel-body alert alert-warning bg-success text-success\" role=\"alert\"><\/div>\n<\/div>\n<p>[\/et_pb_text][et_pb_text disabled_on=&#8221;on|on|on&#8221; _builder_version=&#8221;4.27.4&#8243; _module_preset=&#8221;default&#8221; disabled=&#8221;on&#8221; global_colors_info=&#8221;{}&#8221;]<\/p>\n<p><span>El <strong>Premi Europeu de Ci\u00e8ncia Hip\u00e0tia<\/strong> \u00e9s atorgat per l&#8217;Ajuntament de Barcelona en col\u00b7laboraci\u00f3 amb l&#8217;Acad\u00e8mia Europaea\u2013Barcelona Knowledge Hub. En el marc del Pla Barcelona Ci\u00e8ncia, que vol impulsar la ciutat de Barcelona com a capital europea de la ci\u00e8ncia, el premi, que compta amb un important premi monetari, reconeix una investigador\/a destacat que ha dut a terme la seva carrera principalment a Europa i al m\u00e9s alt nivell internacional, amb una forta influ\u00e8ncia en diversos camps del coneixement i un impacte positiu en la societat.<\/span><\/p>\n<p>[\/et_pb_text][et_pb_divider color=&#8221;#4e5ed0&#8243; divider_weight=&#8221;3px&#8221; disabled_on=&#8221;off|off|off&#8221; _builder_version=&#8221;4.16&#8243; background_color_gradient_direction=&#8221;90deg&#8221; max_width=&#8221;100px&#8221; module_alignment=&#8221;center&#8221; height=&#8221;5px&#8221; custom_margin=&#8221;||20px|&#8221; custom_padding=&#8221;||20px|&#8221; animation_style=&#8221;slide&#8221; animation_direction=&#8221;bottom&#8221; saved_tabs=&#8221;all&#8221; locked=&#8221;off&#8221; global_colors_info=&#8221;{}&#8221;][\/et_pb_divider][et_pb_text disabled_on=&#8221;off|off|off&#8221; _builder_version=&#8221;4.27.4&#8243; _module_preset=&#8221;default&#8221; header_3_text_align=&#8221;center&#8221; header_3_text_color=&#8221;#000000&#8243; header_3_font_size=&#8221;35px&#8221; global_colors_info=&#8221;{}&#8221;]<\/p>\n<p style=\"text-align: center;\"><strong>MEMBRES DEL JURAT<\/strong><\/p>\n<p>[\/et_pb_text][et_pb_text _builder_version=&#8221;4.27.4&#8243; _module_preset=&#8221;default&#8221; global_colors_info=&#8221;{}&#8221;]<\/p>\n<p>Membres del jurat de la cinquena edici\u00f3 del Premi Europeu Barcelona Ci\u00e8ncia Hip\u00e0tia, d\u2019acord amb el que es preveu a l\u2019apartat 10 de la convocat\u00f2ria aprovada en data 2 de juliol del 2024 s\u00f3n les seg\u00fcents persones:<br \/>Jaume Bertranpetit Presid\u00e8ncia De com\u00fa acord entre l\u2019AE-BKH i el Departament de Ci\u00e8ncia i Universitats<br \/>Bego\u00f1a Benito, vocal, a proposta del Departament de Ci\u00e8ncia i Universitats<br \/>Mara Dierssen, vocal, a proposta del Departament de Ci\u00e8ncia i Universitats<br \/>Ray Dixon, vocal, a proposta de l\u2019AE-BKH i<br \/>Andr\u00e1s B\u00e1ldi, vocal, a proposta de l\u2019AE-BKH<\/p>\n<p>[\/et_pb_text][\/et_pb_column][\/et_pb_row][\/et_pb_section]<\/p>\n","protected":false},"excerpt":{"rendered":"<p>Cinquena Edici\u00f3 (2024) El dilluns 7 d&#8217;abril, Svante P\u00e4\u00e4bo va rebre el V Premi Hip\u00e0tia per la seva contribuci\u00f3 a la investigaci\u00f3 gen\u00e8tica sobre grups humans extints. El tinent d&#8217;alcalde [&hellip;]<\/p>\n","protected":false},"author":7,"featured_media":0,"parent":7374,"menu_order":2,"comment_status":"closed","ping_status":"closed","template":"","meta":{"_et_pb_use_builder":"on","_et_pb_old_content":"","_et_gb_content_width":"","om_disable_all_campaigns":false,"_uf_show_specific_survey":0,"_uf_disable_surveys":false,"footnotes":""},"class_list":["post-9544","page","type-page","status-publish","hentry"],"aioseo_notices":[],"_links":{"self":[{"href":"https:\/\/aebarcelona.eu\/ca\/wp-json\/wp\/v2\/pages\/9544","targetHints":{"allow":["GET"]}}],"collection":[{"href":"https:\/\/aebarcelona.eu\/ca\/wp-json\/wp\/v2\/pages"}],"about":[{"href":"https:\/\/aebarcelona.eu\/ca\/wp-json\/wp\/v2\/types\/page"}],"author":[{"embeddable":true,"href":"https:\/\/aebarcelona.eu\/ca\/wp-json\/wp\/v2\/users\/7"}],"replies":[{"embeddable":true,"href":"https:\/\/aebarcelona.eu\/ca\/wp-json\/wp\/v2\/comments?post=9544"}],"version-history":[{"count":3,"href":"https:\/\/aebarcelona.eu\/ca\/wp-json\/wp\/v2\/pages\/9544\/revisions"}],"predecessor-version":[{"id":9707,"href":"https:\/\/aebarcelona.eu\/ca\/wp-json\/wp\/v2\/pages\/9544\/revisions\/9707"}],"up":[{"embeddable":true,"href":"https:\/\/aebarcelona.eu\/ca\/wp-json\/wp\/v2\/pages\/7374"}],"wp:attachment":[{"href":"https:\/\/aebarcelona.eu\/ca\/wp-json\/wp\/v2\/media?parent=9544"}],"curies":[{"name":"wp","href":"https:\/\/api.w.org\/{rel}","templated":true}]}}

Cinquena Edició (2024)

<p>[et_pb_section fb_built=&#8221;1&#8243; admin_label=&#8221;Services&#8221; _builder_version=&#8221;4.21.0&#8243; custom_padding=&#8221;90px||45px|||&#8221; locked=&#8221;off&#8221; global_colors_info=&#8221;{}&#8221;][et_pb_row _builder_version=&#8221;4.16&#8243; background_size=&#8221;initial&#8221; background_position=&#8221;top_left&#8221; background_repeat=&#8221;repeat&#8221; custom_width_px=&#8221;710px&#8221; global_colors_info=&#8221;{}&#8221;][et_pb_column type=&#8221;4_4&#8243; _builder_version=&#8221;4.16&#8243; background_position=&#8221;top_left&#8221; custom_padding=&#8221;|||&#8221; global_colors_info=&#8221;{}&#8221; custom_padding__hover=&#8221;|||&#8221;][et_pb_text _builder_version=&#8221;4.27.4&#8243; _dynamic_attributes=&#8221;link_option_url&#8221; _module_preset=&#8221;default&#8221; header_text_align=&#8221;center&#8221; header_text_color=&#8221;#000000&#8243; header_2_font_size=&#8221;47px&#8221; background_color=&#8221;#FFFFFF&#8221; width=&#8221;100%&#8221; max_width=&#8221;86%&#8221; link_option_url=&#8221;@ET-DC@eyJkeW5hbWljIjp0cnVlLCJjb250ZW50IjoicG9zdF9saW5rX3VybF9wYWdlIiwic2V0dGluZ3MiOnsicG9zdF9pZCI6IjczNzQifX0=@&#8221; link_option_url_new_window=&#8221;on&#8221; hover_enabled=&#8221;0&#8243; global_colors_info=&#8221;{}&#8221; sticky_enabled=&#8221;0&#8243; header_2_text_color=&#8221;#000000&#8243; header_2_text_align=&#8221;center&#8221;]</p>
<h2 class="art-postheader entry-title" style="text-align: center;"><strong>Cinquena Edició (2024)</strong></h2>
<p>[/et_pb_text][et_pb_image src=&#8221;https://aebarcelona.eu/wp-content/uploads/2025/04/Svanteesculturacentral.jpg&#8221; title_text=&#8221;Svanteesculturacentral&#8221; _builder_version=&#8221;4.27.4&#8243; _module_preset=&#8221;default&#8221; width=&#8221;35%&#8221; max_width=&#8221;34%&#8221; module_alignment=&#8221;center&#8221; hover_enabled=&#8221;0&#8243; global_colors_info=&#8221;{}&#8221; sticky_enabled=&#8221;0&#8243;][/et_pb_image][et_pb_text _builder_version=&#8221;4.27.4&#8243; _module_preset=&#8221;default&#8221; hover_enabled=&#8221;0&#8243; global_colors_info=&#8221;{}&#8221; sticky_enabled=&#8221;0&#8243;]</p>
<div class="traductor-textarea form-group">
<div class="textarea-desti col-xs-12 col-sm-6">
<div class="form-control second-textarea">
<p>El dilluns 7 d&#8217;abril, <strong>Svante Pääbo</strong> va rebre el V Premi Hipàtia per la seva contribució a la investigació genètica sobre grups humans extints.</p>
<p>El tinent d&#8217;alcalde d&#8217;Economia, Hisenda, Promoció Econòmica i Turisme, Jordi Valls, ha destacat en l&#8217;acte de lliurament del Premi Europeu de la Ciència Hipàtia que Barcelona &#8220;amplia la mà a tots aquells científics que es troben actualment amenaçats&#8221;.</p>
<p>El premi ha reconegut la contribució innovadora de Pbobo a la comprensió de la genètica humana.</p>
<p>El biòleg i genetista suec, Premi Nobel de Medicina el 2022, va reconèixer que és un honor per a ell rebre el premi en una ciutat com Barcelona “un referent de les ciències biològiques” a Europa.</p>
<p>En un acte institucional al Saló de Cent, el quart tinent d&#8217;alcalde, Jordi Valls, va ser l&#8217;encarregat de lliurar el guardó que pretén reconèixer la recerca de PäÄbo en la seqüenciació de genomes d&#8217;espècies i poblacions extintes. Les contribucions a la paleogenòmica de Svante han revelat les connexions genètiques entre els humans i els homínids extints, que han representat un abans i un després en la comprensió de l&#8217;evolució humana.</p>
<p>Valls ha destacat durant la benvinguda que aquest guardó reconeix &#8220;el valor i el talent&#8221; de Pääbo així com la &#8220;profunda connexió&#8221; que té l&#8217;investigador amb Barcelona on &#8220;les col·laboracions que ha realitzat amb l&#8217;Institut de Biologia Evolutiva han deixat una gran empremta&#8221;.</p>
<p>El tinent d&#8217;alcalde ha destacat que en l&#8217;actualitat &#8220;necessitem la ciència més que mai i necessitem protegir la ciència més que mai&#8221;, en un context geopolític com l&#8217;actual, on dos mil científics d&#8217;alt nivell han alertat del &#8220;perill real&#8221; que representa per a la ciència l&#8217;administració Trump. Per aquest motiu, Valls ha assegurat, “davant les retallades salvatges i la censura, Barcelona estén la mà a tots aquells científics que estan amenaçats avui dia”.</p>
<p>Per la seva banda, Pääbo va qualificar &#8220;d&#8217;honor&#8221; rebre un premi d&#8217;aquestes característiques en una ciutat com Barcelona que s&#8217;ha convertit en un &#8220;benchmark for biological sciences&#8221; a Europa. Durant l&#8217;acte, Pääbo va fer una presentació amb l&#8217;essència del seu treball en la seqüenciació del genoma neodental així com per explicar com &#8220;aquestes formes extintes d&#8217;éssers humans ens influeixen avui dia&#8221;.</p>
<p>A l&#8217;acte també van assistir Don Dingwell, president en funcions de l&#8217;Acadèmia Europaea, i Jaume Bertranpetit, director del Barcelona Knowledge Hub de l&#8217;Acadèmia Europaea. L&#8217;encarregat de fer la glossa de Pääbo ha estat el director del Museu de Ciències Naturals, Carles Lalueza, reconegut expert en paleogenòmica que va col·laborar amb el guanyador en el projecte del Genoma Neandertal.</p>
<p>Per veure la sessió: cliqueu <a href="https://youtube.com/live/3D7Iq0tN85s?feature=share">aqui</a></p>
<p><span>Per llegir l’entrevista per l’AE clicar </span><a href="https://aecardiffknowledgehub.wales/2025/04/01/exploring-ancient-genomes-an-interview-with-hypatia-prize-winner-svante-paabo/">aquí</a></p>
<p>&nbsp;</p>
</div>
<div class="form-control second-textarea"></div>
<div class="form-control second-textarea"></div>
</div>
</div>
<div class="traductor-checkbox form-group">
<div id="message_info" class="panel-body alert alert-warning bg-success text-success" role="alert"></div>
</div>
<p>[/et_pb_text][et_pb_text disabled_on=&#8221;on|on|on&#8221; _builder_version=&#8221;4.27.4&#8243; _module_preset=&#8221;default&#8221; disabled=&#8221;on&#8221; global_colors_info=&#8221;{}&#8221;]</p>
<p><span>El <strong>Premi Europeu de Ciència Hipàtia</strong> és atorgat per l&#8217;Ajuntament de Barcelona en col·laboració amb l&#8217;Acadèmia Europaea–Barcelona Knowledge Hub. En el marc del Pla Barcelona Ciència, que vol impulsar la ciutat de Barcelona com a capital europea de la ciència, el premi, que compta amb un important premi monetari, reconeix una investigador/a destacat que ha dut a terme la seva carrera principalment a Europa i al més alt nivell internacional, amb una forta influència en diversos camps del coneixement i un impacte positiu en la societat.</span></p>
<p>[/et_pb_text][et_pb_divider color=&#8221;#4e5ed0&#8243; divider_weight=&#8221;3px&#8221; disabled_on=&#8221;off|off|off&#8221; _builder_version=&#8221;4.16&#8243; background_color_gradient_direction=&#8221;90deg&#8221; max_width=&#8221;100px&#8221; module_alignment=&#8221;center&#8221; height=&#8221;5px&#8221; custom_margin=&#8221;||20px|&#8221; custom_padding=&#8221;||20px|&#8221; animation_style=&#8221;slide&#8221; animation_direction=&#8221;bottom&#8221; saved_tabs=&#8221;all&#8221; locked=&#8221;off&#8221; global_colors_info=&#8221;{}&#8221;][/et_pb_divider][et_pb_text disabled_on=&#8221;off|off|off&#8221; _builder_version=&#8221;4.27.4&#8243; _module_preset=&#8221;default&#8221; header_3_text_align=&#8221;center&#8221; header_3_text_color=&#8221;#000000&#8243; header_3_font_size=&#8221;35px&#8221; global_colors_info=&#8221;{}&#8221;]</p>
<p style="text-align: center;"><strong>MEMBRES DEL JURAT</strong></p>
<p>[/et_pb_text][et_pb_text _builder_version=&#8221;4.27.4&#8243; _module_preset=&#8221;default&#8221; global_colors_info=&#8221;{}&#8221;]</p>
<p>Membres del jurat de la cinquena edició del Premi Europeu Barcelona Ciència Hipàtia, d’acord amb el que es preveu a l’apartat 10 de la convocatòria aprovada en data 2 de juliol del 2024 són les següents persones:<br />Jaume Bertranpetit Presidència De comú acord entre l’AE-BKH i el Departament de Ciència i Universitats<br />Begoña Benito, vocal, a proposta del Departament de Ciència i Universitats<br />Mara Dierssen, vocal, a proposta del Departament de Ciència i Universitats<br />Ray Dixon, vocal, a proposta de l’AE-BKH i<br />András Báldi, vocal, a proposta de l’AE-BKH</p>
<p>[/et_pb_text][/et_pb_column][/et_pb_row][/et_pb_section]</p>

<p>Cinquena Edició (2024) El dilluns 7 d&#8217;abril, Svante Pääbo va rebre el V Premi Hipàtia per la seva contribució a la investigació genètica sobre grups humans extints. El tinent d&#8217;alcalde [&hellip;]</p>
